12305861
What are the prime factors of 9243227?
7, 97, 13613
What are the prime factors of 2804351303?
13, 19, 47, 241567
What are the prime factors of 12943660?
2, 5, 53, 12211
What are the prime factors of 207432027?
3, 11, 37, 56629
What are the prime factors of 58237181?
5843, 9967
List the prime factors of 18785582.
2, 43, 218437
What are the prime factors of 144646054?
2, 7, 10331861
List the prime factors of 52950723.
3, 7, 29, 12421
List the prime factors of 1803616128.
2, 3, 263, 5953
List the prime factors of 22766807.
7, 19, 171179
List the prime factors of 1400343218.
2, 37, 223, 84859
What are the prime factors of 100015779?
3, 33338593
What are the prime factors of 42133123?
17, 31, 2579
What are the prime factors of 932219906?
2, 29, 554233
List the prime factors of 55600444.
2, 283, 49117
List the prime factors of 3171183719.
11, 23, 31, 13043
What are the prime factors of 336717699?
3, 569, 197257
What are the prime factors of 89396889?
3, 131, 227473
List the prime factors of 553867924.
2, 138466981
What are the prime factors of 151434938?
2, 31, 2442499
List the prime factors of 46086640.
2, 5, 97, 5939
What are the prime factors of 400599361?
400599361
What are the prime factors of 83857951?
109, 769339
List the prime factors of 86016397.
139, 618823
List the prime factors of 7634926900.
2, 5, 76349269
List the prime factors of 31930571.
31930571
List the prime factors of 340699580.
2, 5, 13, 1310383
List the prime factors of 56250832.
2, 11, 319607
What are the prime factors of 24651037?
17, 19, 167, 457
What are the prime factors of 370696801?
241, 1063, 1447
List the prime factors of 40198837.
7, 73, 97, 811
List the prime factors of 59069503.
59069503
What are the prime factors of 211608228?
2, 3, 13, 1356463
What are the prime factors of 3996992151?
3, 444110239
List the prime factors of 5429687548.
2, 1357421887
List the prime factors of 506899137.
3, 11161, 15139
List the prime factors of 18355640.
2, 5, 458891
List the prime factors of 1179107089.
1179107089
What are the prime factors of 136704757?
7, 2789893
What are the prime factors of 68691304?
2, 11, 780583
List the prime factors of 1346893934.
2, 12329, 54623
List the prime factors of 336553609.
7, 1871, 3671
List the prime factors of 1420520237.
19, 61, 1225643
List the prime factors of 1306120494.
2, 3, 7, 31098107
What are the prime factors of 41273391?
3, 59, 233183
List the prime factors of 1866811826.
2, 11, 19, 109, 40973
List the prime factors of 661684628.
2, 11, 1367117
List the prime factors of 2029964873.
173, 11733901
List the prime factors of 339952216.
2, 42494027
List the prime factors of 414586323.
3, 15355049
List the prime factors of 36329500.
2, 5, 113, 643
List the prime factors of 161620251.
3, 13, 19, 218111
What are the prime factors of 5552033203?
5552033203
What are the prime factors of 8648271924?
2, 3, 151, 653, 7309
What are the prime factors of 331281100?
2, 5, 3312811
List the prime factors of 89140454.
2, 13, 3428479
List the prime factors of 6310321838.
2, 19, 166061101
List the prime factors of 559572089.
79, 7083191
What are the prime factors of 48405143?
43, 1125701
What are the prime factors of 120491797?
251, 480047
List the prime factors of 15919005.
3, 5, 199, 5333
List the prime factors of 1766811936.
2, 3, 18404291
List the prime factors of 225510248.
2, 283, 99607
List the prime factors of 361611029.
13, 17, 1636249
List the prime factors of 1744327816.
2, 7, 11, 2831701
List the prime factors of 229766082.
2, 3, 7, 13, 71, 5927
List the prime factors of 3732560823.
3, 181, 6873961
What are the prime factors of 147531848?
2, 17, 1084793
What are the prime factors of 1494232586?
2, 7, 11, 9702809
List the prime factors of 861720527.
127, 163, 41627
List the prime factors of 184856350.
2, 5, 7, 67, 7883
List the prime factors of 2195508909.
3, 11, 66530573
What are the prime factors of 38916023?
23, 71, 23831
List the prime factors of 581329325.
5, 23253173
What are the prime factors of 85862051?
11, 59, 132299
List the prime factors of 18161787.
3, 7, 47, 18401
What are the prime factors of 5401399233?
3, 67, 4493, 5981
What are the prime factors of 1187892246?
2, 3, 109, 463, 3923
List the prime factors of 226730484.
2, 3, 6298069
List the prime factors of 14005883.
281, 49843
What are the prime factors of 2093256510?
2, 3, 5, 457, 152681
What are the prime factors of 51138268?
2, 12784567
What are the prime factors of 931595605?
5, 5651, 32971
What are the prime factors of 33973238?
2, 13, 1306663
List the prime factors of 438398420.
2, 5, 67, 327163
List the prime factors of 1122980152.
2, 7, 17, 23, 51287
What are the prime factors of 7931471?
29, 9431
What are the prime factors of 21288719?
563, 37813
What are the prime factors of 34536772?
2, 1601, 5393
What are the prime factors of 225547757?
9319, 24203
What are the prime factors of 1989824808?
2, 3, 2677, 30971
List the prime factors of 440827607.
11, 19, 2109223
List the prime factors of 21684416.
2, 13, 67, 389
What are the prime factors of 415622883?
3, 13, 819769
What are the prime factors of 1055231662?
2, 527615831
List the prime factors of 66482307.
3, 113, 65371
List the prime factors of 1325193380.
2, 5, 7, 19, 131, 3803
List the prime factors of 1152052271.
1152052271
What are the prime factors of 2249773712?
2, 140610857
List the prime factors of 4493409026.
2, 17, 132159089
List the prime factors of 181373690.
2, 5, 67, 167, 1621
List the prime factors of 8936529.
3, 7, 425549
List the prime factors of 3233380796.
2, 109, 163, 45497
List the prime factors of 340272327.
3, 23, 293, 16831
What are the prime factors of 385058160?
2, 3, 5, 17, 163, 193
List the prime factors of 609629562.
2, 3, 33868309
What are the prime factors of 437205887?
67, 1033, 6317
List the prime factors of 1445952975.
3, 5, 73, 264101
What are the prime factors of 1076785925?
5, 647, 66571
List the prime factors of 52835708.
2, 47, 463, 607
What are the prime factors of 166098432?
2, 3, 17, 6361
List the prime factors of 536049930.
2, 3, 5, 13, 601, 2287
List the prime factors of 174011295.
3, 5, 11600753
What are the prime factors of 51356446?
2, 25678223
What are the prime factors of 695848199?
17, 40932247
What are the prime factors of 444722120?
2, 5, 241, 46133
List the prime factors of 10634171.
10634171
What are the prime factors of 49997922?
2, 3, 13, 179, 3581
List the prime factors of 2625218894.
2, 37, 71, 499661
What are the prime factors of 208503648?
2, 3, 23, 31477
List the prime factors of 81811070.
2, 5, 11, 37, 20101
List the prime factors of 50716233.
3, 37, 50767
List the prime factors of 892718104.
2, 111589763
What are the prime factors of 46439593?
41, 1132673
List the prime factors of 101493307.
19, 449, 11897
List the prime factors of 1909443.
3, 19, 139, 241
List the prime factors of 333443169.
3, 179, 68993
List the prime factors of 45572273.
71, 641863
What are the prime factors of 114586125?
3, 5, 305563
What are the prime factors of 13711221?
3, 179, 2837
What are the prime factors of 181207805?
5, 29, 43, 29063
List the prime factors of 1501074171.
3, 1087, 153437
What are the prime factors of 605693279?
191, 683, 4643
What are the prime factors of 27072599?
27072599
List the prime factors of 905782575.
3, 5, 113, 106877
List the prime factors of 1291297573.
163, 193, 41047
What are the prime factors of 1602944769?
3, 534314923
What are the prime factors of 35340926?
2, 17, 23, 43, 1051
What are the prime factors of 6915809930?
2, 5, 691580993
List the prime factors of 525286330.
2, 5, 52528633
List the prime factors of 42798174.
2, 3, 181, 39409
What are the prime factors of 286219057?
73, 1087, 3607
List the prime factors of 682229473.
23, 29662151
What are the prime factors of 512822386?
2, 43, 5963051
What are the prime factors of 2134253781?
3, 11, 151, 12979
What are the prime factors of 4554666703?
29137, 156319
What are the prime factors of 4956376877?
17, 1008829
List the prime factors of 934187651.
47, 59, 336887
List the prime factors of 60389703.
3, 11, 609997
What are the prime factors of 25050716?
2, 6262679
What are the prime factors of 533175412?
2, 7, 11, 677, 2557
List the prime factors of 66234828.
2, 3, 11, 501779
What 